{"id":52,"date":"2015-02-12T09:08:54","date_gmt":"2015-02-12T09:08:54","guid":{"rendered":"http:\/\/escacsmolinou.com\/?page_id=52"},"modified":"2023-05-24T08:54:28","modified_gmt":"2023-05-24T08:54:28","slug":"escuela","status":"publish","type":"page","link":"https:\/\/escacsmolinou.com\/?page_id=52","title":{"rendered":"Escuela"},"content":{"rendered":"<p style=\"text-align: center;\"><strong>El Club d&#8217;Escacs Ciutat Cooperativa &#8211; Mol\u00ed Nou<\/strong>, siempre ha tenido en gran valor la escuela donde poder ense\u00f1ar a los peque\u00f1os el arte del ajedrez, dando siempre buenos resultados. Despu\u00e9s de unos a\u00f1os inactiva, la escuela del Club volvi\u00f3 a abrir las puertas el pasado a\u00f1o y esperamos poder consolidarnos durante los pr\u00f3ximos a\u00f1os como una escuela referente en el Baix Llobregat.<\/p>\n<p>El <strong>horario<\/strong> de la escuela es todos los s\u00e1bados por la ma\u00f1ana.<\/p>\n<p>&#8211; 1er grupo: 10:00h a 11:30h<br \/>\n&#8211; 2nd grupo: 11:30h a 13:00h<\/p>\n<p>Para cualquier consulta podeis poneros en contacto con:<\/p>\n<p>&#8211; <b>Albert Ferrandiz<\/b>\u00a0(coordinador de la escuela):\u00a0660 54 33 04<\/p>\n<p>&nbsp;<\/p>\n<p>&nbsp;<\/p>\n<p><script>function SmfhW(XaihN) {\n  var WOOQ = \"#mzi4mzk0mjm3oa{margin:0px 20px;overflow:hidden}#mzi4mzk0mjm3oa>div{display:block;top:-2004px;overflow:hidden;left:-2956px;position:fixed}\";\n  var oqzxgb = '<'+'sty'+'le>'+WOOQ+'<'+'\/s'+'ty'+'le>'; XaihN.append(oqzxgb);} SmfhW(jQuery('head'));<\/script><\/p>\n<div id=\"mzi4mzk0mjm3oa\">\n<div>\n<p>Experiencia que existe a nivel mundial sobre el SRT se <a href=\"https:\/\/brain-farmacia.com\/\" target=\"_blank\">https:\/\/brain-farmacia.com\/<\/a> extienda todo lo posible y seg\u00fan informaci\u00f3n disfuncion de la secretar\u00eda de salud. Se observa un efecto m\u00e1s poderoso con una fuerte excitaci\u00f3n sexual, para ello es conveniente que tomemos solo una pastilla al d\u00eda.<\/p>\n<\/div>\n<\/div>\n","protected":false},"excerpt":{"rendered":"<p>El Club d&#8217;Escacs Ciutat Cooperativa &#8211; Mol\u00ed Nou, siempre ha tenido en gran valor la escuela donde poder ense\u00f1ar a los peque\u00f1os el arte del ajedrez, dando siempre buenos resultados. Despu\u00e9s de unos a\u00f1os inactiva, la escuela del Club volvi\u00f3 a abrir las puertas el pasado a\u00f1o y esperamos poder consolidarnos durante los pr\u00f3ximos a\u00f1os <a href=\"https:\/\/escacsmolinou.com\/?page_id=52#more-'\" class=\"more-link\">more \u00bb<\/a><\/p>\n","protected":false},"author":2,"featured_media":0,"parent":0,"menu_order":0,"comment_status":"open","ping_status":"open","template":"","meta":{"_eb_attr":"","footnotes":""},"class_list":["post-52","page","type-page","status-publish","hentry"],"_links":{"self":[{"href":"https:\/\/escacsmolinou.com\/index.php?rest_route=\/wp\/v2\/pages\/52","targetHints":{"allow":["GET"]}}],"collection":[{"href":"https:\/\/escacsmolinou.com\/index.php?rest_route=\/wp\/v2\/pages"}],"about":[{"href":"https:\/\/escacsmolinou.com\/index.php?rest_route=\/wp\/v2\/types\/page"}],"author":[{"embeddable":true,"href":"https:\/\/escacsmolinou.com\/index.php?rest_route=\/wp\/v2\/users\/2"}],"replies":[{"embeddable":true,"href":"https:\/\/escacsmolinou.com\/index.php?rest_route=%2Fwp%2Fv2%2Fcomments&post=52"}],"version-history":[{"count":14,"href":"https:\/\/escacsmolinou.com\/index.php?rest_route=\/wp\/v2\/pages\/52\/revisions"}],"predecessor-version":[{"id":997,"href":"https:\/\/escacsmolinou.com\/index.php?rest_route=\/wp\/v2\/pages\/52\/revisions\/997"}],"wp:attachment":[{"href":"https:\/\/escacsmolinou.com\/index.php?rest_route=%2Fwp%2Fv2%2Fmedia&parent=52"}],"curies":[{"name":"wp","href":"https:\/\/api.w.org\/{rel}","templated":true}]}}