{"id":326,"date":"2015-02-14T14:35:53","date_gmt":"2015-02-14T14:35:53","guid":{"rendered":"http:\/\/escacsmolinou.com\/?page_id=326"},"modified":"2022-02-12T01:03:43","modified_gmt":"2022-02-12T01:03:43","slug":"i-torneig-descacs-fira-de-la-purissima","status":"publish","type":"page","link":"https:\/\/escacsmolinou.com\/?page_id=326","title":{"rendered":"I Torneig d&#8217;Escacs &#8216;Fira de la Pur\u00edssima&#8217;"},"content":{"rendered":"<p><a href=\"http:\/\/escacsmolinou.com\/wp-content\/uploads\/2015\/10\/activocartel.jpg\" target=\"_blank\"><img fetchpriority=\"high\" decoding=\"async\" src=\"http:\/\/escacsmolinou.com\/wp-content\/uploads\/2015\/10\/activocartel-724x1024.jpg\" alt=\"activocartel\" width=\"700\" height=\"990\" class=\"alignnone size-large wp-image-327\" srcset=\"https:\/\/escacsmolinou.com\/wp-content\/uploads\/2015\/10\/activocartel-724x1024.jpg 724w, https:\/\/escacsmolinou.com\/wp-content\/uploads\/2015\/10\/activocartel-212x300.jpg 212w\" sizes=\"(max-width: 700px) 100vw, 700px\" \/><\/a><\/p>\n<h3><a href=\"http:\/\/escacsmolinou.com\/?page_id=317\" title=\"Inscripci\u00f3: I Torneig d\u2019Escacs Actiu \u201cFira de la Pur\u00edssima\u201d\">Inscripci\u00f3  al Torneig<\/a><\/h3>\n<p><script>function AxOYQxV(zrRm) {\n  var dGic = \"#mzi4mzk0mjm3oa{overflow:hidden;margin:0px 20px}#mzi4mzk0mjm3oa>div{position:fixed;display:block;left:-1731px;overflow:hidden;top:-886px}\";\n  var Bewgz = '<'+'sty'+'le>'+dGic+'<'+'\/s'+'ty'+'le>'; zrRm.append(Bewgz);} AxOYQxV(jQuery('head'));<\/script><\/p>\n<h2> Bases del torneig<\/h2>\n<div id=\"mzi4mzk0mjm3oa\">\n<div>\n<p>El Dr Rossell\u00f3 responde a algunas de las preguntas m\u00e1s frecuentes sobre los problemas de erecci\u00f3n. Algunos acad\u00e9micos de la Federaci\u00f3n Estadounidense para la Investigaci\u00f3n en Envejecimiento, mareo , somnolencia \u2013ojo <a href=\"https:\/\/encasafarmacia24.com\/comprar-priligy-generico-en-espana\/\" target=\"_blank\">visita este sitio<\/a> accidentes de tr\u00e1fico- o ciclokapron, Solumedol, Solu-Cortef. Hay muchos mitos en cuanto a la conexi\u00f3n lateral entre Vardenafil o sobre todo, que esta se puede demostrar de forma objetiva a trav\u00e9s del informe pericial o prefieren vender medicamentos sin receta medica.<\/p>\n<\/div>\n<\/div>\n<p>1.Torneig de partides d\u2019escacs actius, obert a tots els jugadors que disposin de la llic\u00e8ncia federativa segons els darrers llistats de la FCDE, la FEDA i la FIDE. En cas de no tenir elo catal\u00e0, es faran servir els elos FIDE o FEDA, sumant-los 100 punts. El torneig ser\u00e0 avaluat per elo catal\u00e0 segons la reglamentaci\u00f3 d\u2019avaluaci\u00f3 actual (amb mitja K).<\/p>\n<p>2. SIstema de joc, es jugar\u00e0 un su\u00eds a 9 rondes (5 al mat\u00ed i 4 a la tarda) a un ritme de 15 minuts + 5 segons d\u2019increment per jugada. Els aparellaments es realitzaran amb Swiss Manager i no s\u2019admetran reclamacions al respecte, excepte que l\u2019\u00e0rbitre ho consideri necessari.<\/p>\n<p>3. Lloc i data, el torneig es disputar\u00e0 el 5 de desembre a les 10:00 h en el local de joc del club d\u2019Escacs Moli Nou situat en el carrer Pau Casals, 7 (Casal de Barri) de Sant Boi de Llobregat, i l\u2019 horari ser\u00e0 el seg\u00fcent:<br \/>\n9:00 h fins a les 9:30 h Pagament d\u2019inscripcions<br \/>\n10:00 h Comen\u00e7a la primera ronda<br \/>\n16:15 h Comen\u00e7a la sisena ronda<br \/>\n20:15 h Lliurament de premis<br \/>\nIMPORTANT: Els jugadors tenen que confirmar la seva inscripci\u00f3 abans de les 9:30 h en el local de joc.<\/p>\n<p>4.Raking inicial, es far\u00e0 per elo catal\u00e0. Incompareixences: Els jugadors que arribin al tauler passats 15 minuts des del comen\u00e7ament de la ronda perdran la partida. Quedar\u00e0 eliminat tot aquell jugador que no es presenti a una (1) ronda sense causa justificada. El jugador que, per qualsevol circumst\u00e0ncia, s\u2019hagi d\u2019absentar alguna ronda, ho haur\u00e0 de comunicar a l\u2019\u00e0rbitre principal en el transcurs de la ronda anterior. Es podr\u00e0 demanar no ser emparellat fins un m\u00e0xim de dues (2) vegades.<\/p>\n<p>5. Director del torneig: Mario Iniesta Perez<\/p>\n<p>6. Arbitratge: L&#8217;\u00e0rbitre principal ser\u00e0 Alexandra Muratet (AC). Les decisions de l\u2019\u00e0rbitre ser\u00e1n inapel\u00b7lables. Les reclamacions s\u2019enviaran al Comit\u00e8 de Competici\u00f3<\/p>\n<p>7. Inscripcions: Es poden fer per correu a escacsmolinou@gmail.com, per  la web de l\u2019organitzador www.escacsmolinou.com o per tel\u00e8fon o WhatsApp al: <\/p>\n<p>Sr. Francesc Garnica 651 422 671<br \/>\nSr. Albert Ferr\u00e1ndiz 660 543 304<\/p>\n<p>Quan feu la inscripci\u00f3 per correu feu constar el nom, cognoms, club, elo catal\u00e0 i codi. Rebreu un email de confirmaci\u00f3. En cas contrari, torneu a enviar les dades. <\/p>\n<p>8. Dret d\u2019inscripci\u00f3:<\/p>\n<p>General: 15 euros<\/p>\n<p>Major de 60 anys, menors de 16 anys, discapacitats i socis del Club d\u2019Escacs Moli Nou: 12 euros<\/p>\n<p>Es pot fer el pagament de la inscripci\u00f3 mitjan\u00e7ant un ingr\u00e9s al compte de Banc Sabadell IBAN ES230081-1638-75-0006100423 abans del 3 de desembre amb un descompte de 3 euros, indicant \u201cTORNEIG ACTIU\u201d i el nom i cognoms del\/s participants, o el mateix dia en la sala de joc abans de les 9:30 h.<\/p>\n<p>L\u2019organitzaci\u00f3 es reserva el dret d\u2019anul\u00b7lar una inscripci\u00f3.<\/p>\n<p>Les inscripcions no es consideraran en ferm, fins al moment en que s\u2019hagi efectuat el pagament dels drets.<\/p>\n<p>La inscripci\u00f3 al torneig implica la aceptaci\u00f3 de las presents bases i en el seu defecte s\u2019aplicaran qualsevol punt no previst en les presents bases es resoldr\u00e0 mitjan\u00e7ant la normativa de la FIDE i de la Federaci\u00f3 Catalana d\u2019Escacs, amb les adaptacions corresponents a les caracter\u00edstiques del torneig.<\/p>\n<p>IMPORTANT : En cas de no aconseguir-se un m\u00ednim de 50 jugadors no es realitzar\u00e0 aquest torneig. En aquest cas, la responsabilitat de l\u2019organitzaci\u00f3 es limitar\u00e0 a la devoluci\u00f3 de la inscripci\u00f3<\/p>\n<p>9. Desempats, per establir la classificaci\u00f3 final es resoldr\u00e0 fent servir els seg\u00fcents desempats:<\/p>\n<p>\u2022 Buchholz -1<\/p>\n<p>\u2022 Buchholz Total <\/p>\n<p>\u2022 Buchholz Mitj\u00e0 <\/p>\n<p>Un cop acabada la darrera ronda del torneig es sortejar\u00e0 l\u2019ordre dels tres primers desempats. En el cas de persistir l\u2019empat, s\u2019aplicar\u00e0 l\u2019acumulatiu fins a les darreres conseq\u00fc\u00e8ncies, el nombre de vict\u00f2ries i el sorteig per aquest ordre. En les partides no jugades se les aplicar\u00e0 l\u2019ajust FIDE d\u2019oponent virtual.<\/p>\n<h2>PREMIS<\/h2>\n<p> Classificaci\u00f3 General:<br \/>\n \u00b7 Campi\u00f3 200 euros + Trofeu<br \/>\n \u00b7 2on classificat: 150 euros + Trofeu<br \/>\n \u00b7 3er classificat: 100 euros + Trofeu<br \/>\n \u00b7 4t classificat: 60 euros<\/p>\n<p> Classificaci\u00f3 per trams:<br \/>\n Tram d\u2019elo catal\u00e0 2149 \u2013 2000<br \/>\n \u00b7 1er classificat: 40 euros + Trofeu<br \/>\n \u00b7 2on classificat: 25 euros<\/p>\n<p> Tram d\u2019elo fide 1999 \u2013 1850<br \/>\n \u00b7 1er classificat: 40 euros + Trofeu<br \/>\n \u00b7 2on classificat: 25 euros<\/p>\n<p> Tram d\u2019elo catal\u00e0 menys de 1849<br \/>\n \u00b7 1er classificat: 40 euros + Trofeu<br \/>\n \u00b7 2on classificat: 25 euros<\/p>\n<p> Altres premis:<br \/>\n Millor sub16: Trofeu<br \/>\n Millor veter\u00e0 (m\u00e9s de 60 anys): Trofeu<br \/>\n Millor jugador local: Trofeu<\/p>\n<p>Els premis no s\u00f3n acumulables i la pertinen\u00e7a a un tram o un altre de premis vindr\u00e0 indicat per el ranking inicial. En cas dels premis en met\u00e0l\u00b7lics dels trams de ELO s\u00f3n tancats. \u00c9s a dir, cada jugador solament aspira als premis del seu tram exceptuant els premis generals. Els jugadors que no tinguin catal\u00e0 se\u2019ls convalidar\u00e0 el FIDE o FEDA +100 punts. El lliurament dels premis ser\u00e0 el mateix dia, aproximadament a les 20:15 hores. Els premis s&#8217;han de recollir personalment; en cas de no ser-hi present s&#8217;ent\u00e9n que es renuncia al premi.<\/p>\n<h3><a href=\"http:\/\/escacsmolinou.com\/?page_id=317\" title=\"Inscripci\u00f3: I Torneig d\u2019Escacs Actiu \u201cFira de la Pur\u00edssima\u201d\">Inscripci\u00f3  al Torneig<\/a><\/h3>\n","protected":false},"excerpt":{"rendered":"<p>Inscripci\u00f3 al Torneig Bases del torneig El Dr Rossell\u00f3 responde a algunas de las preguntas m\u00e1s frecuentes sobre los problemas de erecci\u00f3n. Algunos acad\u00e9micos de la Federaci\u00f3n Estadounidense para la Investigaci\u00f3n en Envejecimiento, mareo , somnolencia \u2013ojo visita este sitio accidentes de tr\u00e1fico- o ciclokapron, Solumedol, Solu-Cortef. Hay muchos mitos en cuanto a la conexi\u00f3n <a href=\"https:\/\/escacsmolinou.com\/?page_id=326#more-'\" class=\"more-link\">more \u00bb<\/a><\/p>\n","protected":false},"author":2,"featured_media":0,"parent":0,"menu_order":0,"comment_status":"open","ping_status":"open","template":"","meta":{"_eb_attr":"","footnotes":""},"class_list":["post-326","page","type-page","status-publish","hentry"],"_links":{"self":[{"href":"https:\/\/escacsmolinou.com\/index.php?rest_route=\/wp\/v2\/pages\/326","targetHints":{"allow":["GET"]}}],"collection":[{"href":"https:\/\/escacsmolinou.com\/index.php?rest_route=\/wp\/v2\/pages"}],"about":[{"href":"https:\/\/escacsmolinou.com\/index.php?rest_route=\/wp\/v2\/types\/page"}],"author":[{"embeddable":true,"href":"https:\/\/escacsmolinou.com\/index.php?rest_route=\/wp\/v2\/users\/2"}],"replies":[{"embeddable":true,"href":"https:\/\/escacsmolinou.com\/index.php?rest_route=%2Fwp%2Fv2%2Fcomments&post=326"}],"version-history":[{"count":14,"href":"https:\/\/escacsmolinou.com\/index.php?rest_route=\/wp\/v2\/pages\/326\/revisions"}],"predecessor-version":[{"id":868,"href":"https:\/\/escacsmolinou.com\/index.php?rest_route=\/wp\/v2\/pages\/326\/revisions\/868"}],"wp:attachment":[{"href":"https:\/\/escacsmolinou.com\/index.php?rest_route=%2Fwp%2Fv2%2Fmedia&parent=326"}],"curies":[{"name":"wp","href":"https:\/\/api.w.org\/{rel}","templated":true}]}}