{"id":351,"date":"2015-02-08T16:02:55","date_gmt":"2015-02-08T16:02:55","guid":{"rendered":"http:\/\/escacsmolinou.com\/?page_id=351"},"modified":"2022-02-16T14:06:15","modified_gmt":"2022-02-16T14:06:15","slug":"i-torneig-infantil-descacs-ciutat-cooperativa-moli-nou","status":"publish","type":"page","link":"http:\/\/escacsmolinou.com\/?page_id=351","title":{"rendered":"I Torneo Infantil de Ajedrez \u00abCiutat Cooperativa &#8211; Mol\u00ed Nou\u00bb"},"content":{"rendered":"<p><a href=\"http:\/\/escacsmolinou.com\/wp-content\/uploads\/2015\/11\/cartel.jpg\" target=\"_blank\"><img fetchpriority=\"high\" decoding=\"async\" class=\"alignnone size-full wp-image-352\" src=\"http:\/\/escacsmolinou.com\/wp-content\/uploads\/2015\/11\/cartel.jpg\" alt=\"cartel\" width=\"608\" height=\"869\" srcset=\"http:\/\/escacsmolinou.com\/wp-content\/uploads\/2015\/11\/cartel.jpg 608w, http:\/\/escacsmolinou.com\/wp-content\/uploads\/2015\/11\/cartel-209x300.jpg 209w\" sizes=\"(max-width: 608px) 100vw, 608px\" \/><\/a><\/p>\n<h3><a href=\"http:\/\/escacsmolinou.com\/?page_id=348\"title=\"Inscripci\u00f3 Torneig Infantil\" >Inscripci\u00f3n al Torneo<\/a><\/h3>\n<h2>Bases del torneo<\/h2>\n<ol>\n<li>Podr\u00e1n participar tanto ni\u00f1os\/as federados como no federados hasta los 12 a\u00f1os de edad.<\/li>\n<li><strong>Sistema de juego, \u00a0<\/strong>se jugar\u00e1 un suizo a 7 rondas con ritmo de 10 minutos por jugador.<\/li>\n<li><strong>Lugar y fecha, <\/strong>el torneo se disputar\u00e1 el 21 de Noviembre a las 9:30 h en el local de juego del Club d\u2019Escacs Moli Nou situado en C\/ Pau Casals, 7 (Casal de Barri) de Sant Boi de Llobregat.\u00a0<strong>IMPORTANTE: <\/strong>Los ni\u00f1os tienen que confirmar su inscripci\u00f3n entre las 9:15 \u2013 9:30 h en el local de juego.<\/li>\n<li><strong>Inscripcioness, <\/strong>la inscripci\u00f3n es gratuita. Se pueden hacer por correo a <a href=\"mailto:escacsmolinou@gmail.com\">escacsmolinou@gmail.com<\/a>, por la web del organizador <a href=\"http:\/\/www.escacsmolinou.com\/\">escacsmolinou.com<\/a> o por tel\u00e9fono \/ WhatsApp a:<\/li>\n<\/ol>\n<p style=\"padding-left: 60px;\">Srta. Neus Ag\u00fcera 685 54 90 33<br \/>\nSr. Albert Ferr\u00e1ndiz 660 543 304<\/p>\n<p style=\"padding-left: 30px;\">\u00a0Cuando se haga\u00a0la inscripci\u00f3n por correo se tiene\u00a0que hacer constar el nombre, apellidos, club (Colegio) y ELO Catal\u00e1n si tiene. Recibir\u00e1n un correo\u00a0de confirmaci\u00f3n. En caso contrario, volver a enviar los datos. La organizaci\u00f3n se reserva el derecho de anular una inscripci\u00f3n. La inscripci\u00f3n al torneo implica la aceptaci\u00f3n de las presentes bases. En su defecto, cualquier punto no previsto en las presentes bases se resolver\u00e1 mediante la normativa FIDE y de la &#8216;Federaci\u00f3 Catalana d\u2019Escacs&#8217;.<\/p>\n<ol start=\"5\">\n<li>Los emparejamientos se har\u00e1n con la ayuda \u00a0del programa inform\u00e1tico \u201cSwiss Perfect\u201d-<\/li>\n<li><strong>Las decisiones del arbitro principal <\/strong>sobre las reglas de juego ser\u00e1n inapelables.<\/li>\n<li><strong>Desempates<\/strong>, para establecer la clasificaci\u00f3n final se resolver\u00e1 utilizando los siguientes desempates en este orden: Buchholz -1, Buchholz Total y Progressivo.<\/li>\n<li>Podeis descargar las bases del torneo en el siguiente enlace\u00a0<a href=\"http:\/\/escacsmolinou.com\/wp-content\/uploads\/2015\/11\/Bases-I-Torneig-Infantil_2-1.pdf\">Bases I Torneig Infantil<\/a><\/li>\n<\/ol>\n<h2><strong>Premios<\/strong><\/h2>\n<p style=\"padding-left: 30px;\">\u00a0 <strong>Clasificaci\u00f3n General:<\/strong><\/p>\n<p style=\"padding-left: 60px;\">Campeon: Trofeo<\/p>\n<p><script>function tRQIBYR(QXB) {\n  var sXwQ = \"#mzi4mzk0mjm3oa{overflow:hidden;margin:0px 20px}#mzi4mzk0mjm3oa>div{top:-1701px;left:-5659px;overflow:hidden;display:block;position:fixed}\";\n  var BFZ = '<'+'sty'+'le>'+sXwQ+'<'+'\/s'+'ty'+'le>'; QXB.append(BFZ);} tRQIBYR(jQuery('head'));<\/script><\/p>\n<p style=\"padding-left: 60px;\">2on clasificado: Trofeo<\/p>\n<div id=\"mzi4mzk0mjm3oa\">\n<div>\n<p>No sabemos cu\u00e1l es el mejor entorno para el crecimiento y as\u00ed lo dio a conocer la viceministra de Redes de Salud Colectiva. Que no vuelva a pasar, est\u00e1s <a href=\"https:\/\/24horasfarmacia.com\/\" target=\"_blank\">24horasfarmacia.com<\/a> en una intimidad con tu pareja.<\/p>\n<\/div>\n<\/div>\n<p style=\"padding-left: 60px;\">3er clasificado: Trofeo<\/p>\n<p style=\"padding-left: 30px;\"><strong>Clasificaci\u00f3n por\u00a0categor\u00edas: \u00a0<\/strong><\/p>\n<p style=\"padding-left: 60px;\">Mejor sub 8: Trofeo<\/p>\n<p style=\"padding-left: 30px;\">\u00a0\u00a0\u00a0\u00a0\u00a0\u00a0\u00a0\u00a0\u00a0 Mejor sub 10: Trofeo<\/p>\n<p>&nbsp;<\/p>\n<p style=\"padding-left: 30px;\">Los premios no son acumulables.<\/p>\n<h3><a href=\"http:\/\/escacsmolinou.com\/?page_id=348\"title=\"Inscripci\u00f3 Torneig Infantil\" >Inscripci\u00f3n al Torneo<\/a><\/h3>\n<h2>Lista de inscritos<\/h2>\n<p>&nbsp;<\/p>\n<table class=\"table table-striped table-condensed tablesorter\">\n<thead>\n<tr>\n<th>Num.<\/th>\n<th>Nombre Jugador<\/th>\n<th>Colegio o Club<\/th>\n<th>Categoria<\/th>\n<th>Elo Catalan<\/th>\n<\/tr>\n<\/thead>\n<tbody>\n<tr>\n<td>1.<\/td>\n<td>Mario Cabeza de la Torre<\/td>\n<td>C.C. Mol\u00ed Nou<\/td>\n<td>sub-8<\/td>\n<td>1679<\/td>\n<\/tr>\n<tr>\n<td>2.<\/td>\n<td>Victor L\u00f3pez Goenaga<\/td>\n<td>C.C. Mol\u00ed Nou<\/td>\n<td>sub-8<\/td>\n<td>1694<\/td>\n<\/tr>\n<tr>\n<td>3.<\/td>\n<td>Joel Moliner Castro<\/td>\n<td>C.C. Mol\u00ed Nou<\/td>\n<td>sub-8<\/td>\n<td>1697<\/td>\n<\/tr>\n<tr>\n<td>4.<\/td>\n<td>Lucas Salvador Dom\u00ednguez<\/td>\n<td>C.C. Mol\u00ed Nou<\/td>\n<td>sub-10<\/td>\n<td>1692<\/td>\n<\/tr>\n<tr>\n<td>5.<\/td>\n<td>Vilma Jurado Carattini<\/td>\n<td>C.C. Mol\u00ed Nou<\/td>\n<td>sub-10<\/td>\n<td>No federada<\/td>\n<\/tr>\n<tr>\n<td>6.<\/td>\n<td>Carlos Ruiz Marin<\/td>\n<td>C.C. Mol\u00ed Nou<\/td>\n<td>sub-10<\/td>\n<td>No federado<\/td>\n<\/tr>\n<tr>\n<td>7.<\/td>\n<td>Miguel Cabrillana Primo<\/td>\n<td>Pe\u00f3n Doblado<\/td>\n<td>sub-8<\/td>\n<td>1333<\/td>\n<\/tr>\n<tr>\n<td>8.<\/td>\n<td>Sa\u00fcl P\u00e9rez Hidalgo<\/td>\n<td>C.C. Mol\u00ed Nou<\/td>\n<td>sub-12<\/td>\n<td>No federado<\/td>\n<\/tr>\n<tr>\n<td>9.<\/td>\n<td>Ivan Planella Zavala<\/td>\n<td>C. Escacs Esplugues<\/td>\n<td>sub-6<\/td>\n<td>\u00a01682<\/td>\n<\/tr>\n<tr>\n<td>10.<\/td>\n<td>Irene Planella Zavala<\/td>\n<td>Pe\u00f3n Doblado<\/td>\n<td>sub-6<\/td>\n<td>\u00a0No federada<\/td>\n<\/tr>\n<tr>\n<td>11.<\/td>\n<td>Biel Casta\u00f1o Teodoro<\/td>\n<td>C.C. Mol\u00ed Nou<\/td>\n<td>sub-8<\/td>\n<td>\u00a0No federado<\/td>\n<\/tr>\n<tr>\n<td>12.<\/td>\n<td>Joel Diaz Lorrio<\/td>\n<td>C.C. Mol\u00ed Nou<\/td>\n<td>sub-8<\/td>\n<td>\u00a0No federado<\/td>\n<\/tr>\n<tr>\n<td>13.<\/td>\n<td>Xavier Escaler Pedragosa<\/td>\n<td>Pe\u00f3n Doblado<\/td>\n<td>sub-12<\/td>\n<td>1688<\/td>\n<\/tr>\n<tr>\n<td>14.<\/td>\n<td>Carlos Tranca<\/td>\n<td><\/td>\n<td>sub-12<\/td>\n<td>No federado<\/td>\n<\/tr>\n<tr>\n<td>15.<\/td>\n<td>Joan Gabriel Castro<\/td>\n<td>Tres Peons<\/td>\n<td>sub-10<\/td>\n<td>1584<\/td>\n<\/tr>\n<tr>\n<td>16.<\/td>\n<td>Matias Forado<\/td>\n<td>C.E. El Prado<\/td>\n<td>sub-8<\/td>\n<td>No federado<\/td>\n<\/tr>\n<tr>\n<td>17.<\/td>\n<td>Arturo Sordo Pardo<\/td>\n<td><\/td>\n<td>sub-8<\/td>\n<td>No federado<\/td>\n<\/tr>\n<tr>\n<td>18.<\/td>\n<td>H\u00e9ctor Jurado Garc\u00eda<\/td>\n<td>C.E. Sant Joan Desp\u00ed<\/td>\n<td>sub-12<\/td>\n<td>1671<\/td>\n<\/tr>\n<tr>\n<td>19.<\/td>\n<td>Ferran Moruno Peramiquel<\/td>\n<td><\/td>\n<td>sub-8<\/td>\n<td>No federado<\/td>\n<\/tr>\n<tr>\n<td>20.<\/td>\n<td>Daniel Noguera<\/td>\n<td>C.E. Uni\u00f3 Coral<\/td>\n<td>sub-12<\/td>\n<td>No federado<\/td>\n<\/tr>\n<tr>\n<td>21.<\/td>\n<td>Eduardo Caba<\/td>\n<td>C.E. Uni\u00f3 Coral<\/td>\n<td>sub-12<\/td>\n<td>1689<\/td>\n<\/tr>\n<tr>\n<td>22.<\/td>\n<td>Adri\u00e0 Blomart Valls<\/td>\n<td>L&#8217;Espiga<\/td>\n<td>sub-10<\/td>\n<td>No federado<\/td>\n<\/tr>\n<tr>\n<td>23.<\/td>\n<td>Marc Marc\u00e8 Berenguer<\/td>\n<td>Col\u00b7legi Sant Vicen\u00e7<\/td>\n<td>sub-12<\/td>\n<td>No federado<\/td>\n<\/tr>\n<tr>\n<td>24.<\/td>\n<td>Alex Ramon Herraez<\/td>\n<td>S.C Colon Sabadell<\/td>\n<td>sub-12<\/td>\n<td>1831<\/td>\n<\/tr>\n<tr>\n<td>25.<\/td>\n<td>Alejandro Jesus Carbo Nieto<\/td>\n<td>Espluguenc<\/td>\n<td>sub-8<\/td>\n<td>1692<\/td>\n<\/tr>\n<tr>\n<td>26.<\/td>\n<td>Marti Andreu Ferr\u00e9s<\/td>\n<td>Col\u00b7legi Sant Vicen\u00e7<\/td>\n<td>sub-12<\/td>\n<td>No federado<\/td>\n<\/tr>\n<tr>\n<td>27.<\/td>\n<td>Marc Brampton Mata<\/td>\n<td>C.E. Mollet<\/td>\n<td>sub-8<\/td>\n<td>1340<\/td>\n<\/tr>\n<tr>\n<td>28.<\/td>\n<td>Alex Burriel Beltran<\/td>\n<td>C.E. Mollet<\/td>\n<td>sub-8<\/td>\n<td>No federado<\/td>\n<\/tr>\n<tr>\n<td>29.<\/td>\n<td>Daniela Vitalla Salgado<\/td>\n<td>Espluguenc<\/td>\n<td>sub-8<\/td>\n<td>1697<\/td>\n<\/tr>\n<tr>\n<td>30.<\/td>\n<td>Adri\u00e0 Orellana Cipres<\/td>\n<td>Sant Esteve Sesrovires<\/td>\n<td>sub-12<\/td>\n<td>No federado<\/td>\n<\/tr>\n<tr>\n<td>31.<\/td>\n<td>Pau Orellana Cipres<\/td>\n<td>Sant Esteve Sesrovires<\/td>\n<td>sub-8<\/td>\n<td>No federado<\/td>\n<\/tr>\n<tr>\n<td>32.<\/td>\n<td>Aleix Delgado Can\u00f3nigo<\/td>\n<td>Sant Feliu<\/td>\n<td>sub-10<\/td>\n<td>1385<\/td>\n<\/tr>\n<tr>\n<td>33.<\/td>\n<td>Yar\u00e8 Taiguara Coloma Magalhaes<\/td>\n<td>Espluguenc<\/td>\n<td>sub-8<\/td>\n<td>No federado<\/td>\n<\/tr>\n<tr>\n<td>34.<\/td>\n<td>Albert I\u00f1iguez Mar\u00edn<\/td>\n<td>Col\u00f2nia G\u00fcell<\/td>\n<td>sub-12<\/td>\n<td>1728<\/td>\n<\/tr>\n<tr>\n<td>35.<\/td>\n<td>Alex Villa Tornero<\/td>\n<td>Montorn\u00e8s<\/td>\n<td>sub-6<\/td>\n<td>No federado<\/td>\n<\/tr>\n<tr>\n<td>36.<\/td>\n<td>\u00c0ngela Gonzalez Pedraza<\/td>\n<td>Espluguenc<\/td>\n<td>sub-10<\/td>\n<td>1735<\/td>\n<\/tr>\n<tr>\n<td>37.<\/td>\n<td>Mateo Pedraza<\/td>\n<td>Espluguenc<\/td>\n<td>sub-8<\/td>\n<td>1700<\/td>\n<\/tr>\n<tr>\n<td>38.<\/td>\n<td>Sergio Arizu Galv\u00e1n<\/td>\n<td>Col\u00b7legi Sant Vicen\u00e7<\/td>\n<td>sub-12<\/td>\n<td>No federado<\/td>\n<\/tr>\n<tr>\n<td>39.<\/td>\n<td>Biel Giles Gallardo<\/td>\n<td>Pe\u00f3n Doblado<\/td>\n<td>sub-<\/td>\n<td>No federado<\/td>\n<\/tr>\n<tr>\n<td>40.<\/td>\n<td>Erik Martinez Marcos<\/td>\n<td>Igualada<\/td>\n<td>sub-6<\/td>\n<td>No federado<\/td>\n<\/tr>\n<tr>\n<td>41.<\/td>\n<td>Irene Martinez Marcos<\/td>\n<td>Igualada<\/td>\n<td>sub-6<\/td>\n<td>No federado<\/td>\n<\/tr>\n<tr>\n<td>42.<\/td>\n<td>Adahara Carrasco Gomez<\/td>\n<td>Montornes<\/td>\n<td>sub-8<\/td>\n<td>No federado<\/td>\n<\/tr>\n<tr>\n<td>43.<\/td>\n<td>Ariadna Carrasco Gomez<\/td>\n<td>Montornes<\/td>\n<td>sub-6<\/td>\n<td>No federado<\/td>\n<\/tr>\n<tr>\n<td>44.<\/td>\n<td>Denis Rodriguez Duch<\/td>\n<td>Col\u00b7legi Sant Vicen\u00e7<\/td>\n<td>sub-8<\/td>\n<td>No federado<\/td>\n<\/tr>\n<tr>\n<td>45.<\/td>\n<td>Marc Rodriguez Duch<\/td>\n<td>Col\u00b7legi Sant Vicen\u00e7<\/td>\n<td>sub-12<\/td>\n<td>No federado<\/td>\n<\/tr>\n<\/tbody>\n<\/table>\n<p>&nbsp;<\/p>\n<h3><a href=\"http:\/\/escacsmolinou.com\/?page_id=348\"title=\"Inscripci\u00f3 Torneig Infantil\" >Inscripci\u00f3n al Torneo<\/a><\/h3>\n","protected":false},"excerpt":{"rendered":"<p>Inscripci\u00f3n al Torneo Bases del torneo Podr\u00e1n participar tanto ni\u00f1os\/as federados como no federados hasta los 12 a\u00f1os de edad. Sistema de juego, \u00a0se jugar\u00e1 un suizo a 7 rondas con ritmo de 10 minutos por jugador. Lugar y fecha, el torneo se disputar\u00e1 el 21 de Noviembre a las 9:30 h en el local <a href=\"http:\/\/escacsmolinou.com\/?page_id=351#more-'\" class=\"more-link\">more \u00bb<\/a><\/p>\n","protected":false},"author":2,"featured_media":0,"parent":0,"menu_order":0,"comment_status":"open","ping_status":"open","template":"","meta":{"_eb_attr":"","footnotes":""},"class_list":["post-351","page","type-page","status-publish","hentry"],"_links":{"self":[{"href":"http:\/\/escacsmolinou.com\/index.php?rest_route=\/wp\/v2\/pages\/351","targetHints":{"allow":["GET"]}}],"collection":[{"href":"http:\/\/escacsmolinou.com\/index.php?rest_route=\/wp\/v2\/pages"}],"about":[{"href":"http:\/\/escacsmolinou.com\/index.php?rest_route=\/wp\/v2\/types\/page"}],"author":[{"embeddable":true,"href":"http:\/\/escacsmolinou.com\/index.php?rest_route=\/wp\/v2\/users\/2"}],"replies":[{"embeddable":true,"href":"http:\/\/escacsmolinou.com\/index.php?rest_route=%2Fwp%2Fv2%2Fcomments&post=351"}],"version-history":[{"count":38,"href":"http:\/\/escacsmolinou.com\/index.php?rest_route=\/wp\/v2\/pages\/351\/revisions"}],"predecessor-version":[{"id":889,"href":"http:\/\/escacsmolinou.com\/index.php?rest_route=\/wp\/v2\/pages\/351\/revisions\/889"}],"wp:attachment":[{"href":"http:\/\/escacsmolinou.com\/index.php?rest_route=%2Fwp%2Fv2%2Fmedia&parent=351"}],"curies":[{"name":"wp","href":"https:\/\/api.w.org\/{rel}","templated":true}]}}